{"id":1251,"date":"2024-03-08T10:02:22","date_gmt":"2024-03-08T10:02:22","guid":{"rendered":"https:\/\/medici-proietti.it\/?page_id=1251"},"modified":"2024-03-26T15:20:58","modified_gmt":"2024-03-26T15:20:58","slug":"chi-siamo","status":"publish","type":"page","link":"https:\/\/medici-proietti.it\/index.php\/chi-siamo\/","title":{"rendered":"Chi siamo"},"content":{"rendered":"\t\t<div data-elementor-type=\"wp-page\" data-elementor-id=\"1251\" class=\"elementor elementor-1251\">\n\t\t\t\t<div class=\"elementor-element elementor-element-7fe4432 e-con-full e-flex e-con e-parent\" data-id=\"7fe4432\" data-element_type=\"container\">\n\t\t<div class=\"elementor-element elementor-element-0e0371a e-con-full e-flex e-con e-child\" data-id=\"0e0371a\" data-element_type=\"container\">\n\t\t\t\t<div class=\"elementor-element elementor-element-80c51a5 elementor-invisible elementor-widget elementor-widget-image\" data-id=\"80c51a5\" data-element_type=\"widget\" data-settings=\"{&quot;_animation&quot;:&quot;fadeIn&quot;}\" data-widget_type=\"image.default\">\n\t\t\t\t<div class=\"elementor-widget-container\">\n\t\t\t<style>\/*! elementor - v3.22.0 - 17-06-2024 *\/\n.elementor-widget-image{text-align:center}.elementor-widget-image a{display:inline-block}.elementor-widget-image a img[src$=\".svg\"]{width:48px}.elementor-widget-image img{vertical-align:middle;display:inline-block}<\/style>\t\t\t\t\t\t\t<figure class=\"wp-caption\">\n\t\t\t\t\t\t\t\t\t\t<img fetchpriority=\"high\" decoding=\"async\" width=\"427\" height=\"427\" src=\"https:\/\/medici-proietti.it\/wp-content\/uploads\/2024\/03\/35.jpg\" class=\"attachment-large size-large wp-image-1385\" alt=\"\" \/>\t\t\t\t\t\t\t\t\t\t\t<figcaption class=\"widget-image-caption wp-caption-text\">Moreno Proietti<\/figcaption>\n\t\t\t\t\t\t\t\t\t\t<\/figure>\n\t\t\t\t\t\t\t<\/div>\n\t\t\t\t<\/div>\n\t\t\t\t<\/div>\n\t\t<div class=\"elementor-element elementor-element-df1a878 e-con-full e-flex e-con e-child\" data-id=\"df1a878\" data-element_type=\"container\">\n\t\t\t\t<div class=\"elementor-element elementor-element-3d046e4 elementor-widget elementor-widget-text-editor\" data-id=\"3d046e4\" data-element_type=\"widget\" data-widget_type=\"text-editor.default\">\n\t\t\t\t<div class=\"elementor-widget-container\">\n\t\t\t<style>\/*! elementor - v3.22.0 - 17-06-2024 *\/\n.elementor-widget-text-editor.elementor-drop-cap-view-stacked .elementor-drop-cap{background-color:#69727d;color:#fff}.elementor-widget-text-editor.elementor-drop-cap-view-framed .elementor-drop-cap{color:#69727d;border:3px solid;background-color:transparent}.elementor-widget-text-editor:not(.elementor-drop-cap-view-default) .elementor-drop-cap{margin-top:8px}.elementor-widget-text-editor:not(.elementor-drop-cap-view-default) .elementor-drop-cap-letter{width:1em;height:1em}.elementor-widget-text-editor .elementor-drop-cap{float:left;text-align:center;line-height:1;font-size:50px}.elementor-widget-text-editor .elementor-drop-cap-letter{display:inline-block}<\/style>\t\t\t\t<p><span style=\"font-family: arial, helvetica, sans-serif; font-size: 16px;\">Dal 1997 la nostra agenzia \u00e8 un&#8217; organizzazione specializzata in onoranze funebri, al vostro servizio per supportarvi in un momento cos\u00ec particolare come quello del trapasso di un familiare. <\/span><\/p><p style=\"text-align: left;\"><span style=\"font-size: 16px; font-family: arial, helvetica, sans-serif;\">Il signor <b>Moreno Proietti<\/b> \u00e8 il titolare della prestigiosa <b>Agenzia Funebre Medici a Orvieto,<\/b> da interpellare in un momento cosi&#8217; doloroso, affinch\u00e9 compi, per conto dei familiari, tutte le necessit\u00e0 immediate e successivo al decesso.<\/span><\/p><p><span style=\"font-family: arial, helvetica, sans-serif; font-size: 16px;\">Da anni provvediamo ad offrire tutti i servizi necessari per una completa ed efficiente organizzazione del servizio funerario civile o religioso.<\/span><\/p><p><span style=\"font-size: 16px; font-family: arial, helvetica, sans-serif;\"><strong>\u00a0<\/strong><\/span><\/p>\t\t\t\t\t\t<\/div>\n\t\t\t\t<\/div>\n\t\t\t\t<\/div>\n\t\t\t\t<\/div>\n\t\t<div class=\"elementor-element elementor-element-6d74257 e-con-full e-flex e-con e-parent\" data-id=\"6d74257\" data-element_type=\"container\">\n\t\t<div class=\"elementor-element elementor-element-2f0264a e-con-full e-flex e-con e-child\" data-id=\"2f0264a\" data-element_type=\"container\">\n\t\t\t\t<div class=\"elementor-element elementor-element-5ad0903 elementor-widget elementor-widget-text-editor\" data-id=\"5ad0903\" data-element_type=\"widget\" data-widget_type=\"text-editor.default\">\n\t\t\t\t<div class=\"elementor-widget-container\">\n\t\t\t\t\t\t\t<p><span style=\"font-family: arial, helvetica, sans-serif; font-size: 16px;\">La nostra impresa, avvalendosi di validi e professionali collaboratori, riesce a garantire un servizio efficiente e completo.<\/span><\/p><p><span style=\"font-family: arial, helvetica, sans-serif; font-size: 16px;\">Ci occupiamo dell&#8217;intero servizio: dall\u2019allestimento di camere ardenti ai lavori cimiteriali, fino all\u2019aiuto per sbrigare le pratiche burocratiche<\/span><\/p><p><span style=\"font-family: arial, helvetica, sans-serif; font-size: 16px;\">E\u2019 inevitabile che tale delicato incarico venga affidato a persone di fiducia che rispetteranno le richieste dei congiunti che desiderano esprimere il loro affetto con l\u2019ultimo atto d\u2019amore e rispetto del loro caro defunto<\/span><\/p>\t\t\t\t\t\t<\/div>\n\t\t\t\t<\/div>\n\t\t\t\t<\/div>\n\t\t<div class=\"elementor-element elementor-element-0b0e8ab e-con-full e-flex e-con e-child\" data-id=\"0b0e8ab\" data-element_type=\"container\">\n\t\t\t\t<div class=\"elementor-element elementor-element-e7aa2b2 elementor-invisible elementor-widget elementor-widget-image\" data-id=\"e7aa2b2\" data-element_type=\"widget\" data-settings=\"{&quot;_animation&quot;:&quot;fadeIn&quot;}\" data-widget_type=\"image.default\">\n\t\t\t\t<div class=\"elementor-widget-container\">\n\t\t\t\t\t\t\t\t\t\t\t\t\t<img decoding=\"async\" width=\"300\" height=\"281\" src=\"https:\/\/medici-proietti.it\/wp-content\/uploads\/2024\/03\/Cattura-300x281.jpg\" class=\"attachment-medium size-medium wp-image-1750\" alt=\"\" \/>\t\t\t\t\t\t\t\t\t\t\t\t\t<\/div>\n\t\t\t\t<\/div>\n\t\t\t\t<\/div>\n\t\t\t\t<\/div>\n\t\t<div class=\"elementor-element elementor-element-1c9394b e-flex e-con-boxed e-con e-parent\" data-id=\"1c9394b\" data-element_type=\"container\">\n\t\t\t\t\t<div class=\"e-con-inner\">\n\t\t\t\t\t<\/div>\n\t\t\t\t<\/div>\n\t\t<div class=\"elementor-element elementor-element-9b4b57e e-flex e-con-boxed e-con e-parent\" data-id=\"9b4b57e\" data-element_type=\"container\">\n\t\t\t\t\t<div class=\"e-con-inner\">\n\t\t\t\t<div class=\"elementor-element elementor-element-85b35f8 elementor-widget elementor-widget-image\" data-id=\"85b35f8\" data-element_type=\"widget\" data-widget_type=\"image.default\">\n\t\t\t\t<div class=\"elementor-widget-container\">\n\t\t\t\t\t\t\t\t\t\t\t\t\t<img decoding=\"async\" width=\"1170\" height=\"629\" src=\"https:\/\/medici-proietti.it\/wp-content\/uploads\/2024\/03\/39.jpg\" class=\"attachment-full size-full wp-image-1388\" alt=\"\" \/>\t\t\t\t\t\t\t\t\t\t\t\t\t<\/div>\n\t\t\t\t<\/div>\n\t\t\t\t\t<\/div>\n\t\t\t\t<\/div>\n\t\t\t\t<\/div>\n\t\t","protected":false},"excerpt":{"rendered":"<p>Moreno Proietti Dal 1997 la nostra agenzia \u00e8 un&#8217; organizzazione specializzata in onoranze funebri, al vostro servizio per supportarvi in un momento cos\u00ec particolare come quello del trapasso di un familiare. Il signor Moreno Proietti \u00e8 il titolare della prestigiosa Agenzia Funebre Medici a Orvieto, da interpellare in un momento&hellip;<\/p>\n","protected":false},"author":1,"featured_media":0,"parent":0,"menu_order":0,"comment_status":"closed","ping_status":"closed","template":"","meta":{"footnotes":""},"class_list":["post-1251","page","type-page","status-publish","hentry"],"rttpg_featured_image_url":null,"rttpg_author":{"display_name":"admin","author_link":"https:\/\/medici-proietti.it\/index.php\/author\/medicilpj_2024\/"},"rttpg_comment":0,"rttpg_category":null,"rttpg_excerpt":"Moreno Proietti Dal 1997 la nostra agenzia \u00e8 un&#8217; organizzazione specializzata in onoranze funebri, al vostro servizio per supportarvi in un momento cos\u00ec particolare come quello del trapasso di un familiare. Il signor Moreno Proietti \u00e8 il titolare della prestigiosa Agenzia Funebre Medici a Orvieto, da interpellare in un momento&hellip;","_links":{"self":[{"href":"https:\/\/medici-proietti.it\/index.php\/wp-json\/wp\/v2\/pages\/1251","targetHints":{"allow":["GET"]}}],"collection":[{"href":"https:\/\/medici-proietti.it\/index.php\/wp-json\/wp\/v2\/pages"}],"about":[{"href":"https:\/\/medici-proietti.it\/index.php\/wp-json\/wp\/v2\/types\/page"}],"author":[{"embeddable":true,"href":"https:\/\/medici-proietti.it\/index.php\/wp-json\/wp\/v2\/users\/1"}],"replies":[{"embeddable":true,"href":"https:\/\/medici-proietti.it\/index.php\/wp-json\/wp\/v2\/comments?post=1251"}],"version-history":[{"count":32,"href":"https:\/\/medici-proietti.it\/index.php\/wp-json\/wp\/v2\/pages\/1251\/revisions"}],"predecessor-version":[{"id":1858,"href":"https:\/\/medici-proietti.it\/index.php\/wp-json\/wp\/v2\/pages\/1251\/revisions\/1858"}],"wp:attachment":[{"href":"https:\/\/medici-proietti.it\/index.php\/wp-json\/wp\/v2\/media?parent=1251"}],"curies":[{"name":"wp","href":"https:\/\/api.w.org\/{rel}","templated":true}]}}

<div data-elementor-type="wp-page" data-elementor-id="1251" class="elementor elementor-1251">
				<div class="elementor-element elementor-element-7fe4432 e-con-full e-flex e-con e-parent" data-id="7fe4432" data-element_type="container">
		<div class="elementor-element elementor-element-0e0371a e-con-full e-flex e-con e-child" data-id="0e0371a" data-element_type="container">
				<div class="elementor-element elementor-element-80c51a5 elementor-invisible elementor-widget elementor-widget-image" data-id="80c51a5" data-element_type="widget" data-settings="{&quot;_animation&quot;:&quot;fadeIn&quot;}" data-widget_type="image.default">
				<div class="elementor-widget-container">
			<style>/*! elementor - v3.22.0 - 17-06-2024 */
.elementor-widget-image{text-align:center}.elementor-widget-image a{display:inline-block}.elementor-widget-image a img[src$=".svg"]{width:48px}.elementor-widget-image img{vertical-align:middle;display:inline-block}</style>							<figure class="wp-caption">
										<img fetchpriority="high" decoding="async" width="427" height="427" src="https://medici-proietti.it/wp-content/uploads/2024/03/35.jpg" class="attachment-large size-large wp-image-1385" alt="" />											<figcaption class="widget-image-caption wp-caption-text">Moreno Proietti</figcaption>
										</figure>
							</div>
				</div>
				</div>
		<div class="elementor-element elementor-element-df1a878 e-con-full e-flex e-con e-child" data-id="df1a878" data-element_type="container">
				<div class="elementor-element elementor-element-3d046e4 elementor-widget elementor-widget-text-editor" data-id="3d046e4" data-element_type="widget" data-widget_type="text-editor.default">
				<div class="elementor-widget-container">
			<style>/*! elementor - v3.22.0 - 17-06-2024 */
.elementor-widget-text-editor.elementor-drop-cap-view-stacked .elementor-drop-cap{background-color:#69727d;color:#fff}.elementor-widget-text-editor.elementor-drop-cap-view-framed .elementor-drop-cap{color:#69727d;border:3px solid;background-color:transparent}.elementor-widget-text-editor:not(.elementor-drop-cap-view-default) .elementor-drop-cap{margin-top:8px}.elementor-widget-text-editor:not(.elementor-drop-cap-view-default) .elementor-drop-cap-letter{width:1em;height:1em}.elementor-widget-text-editor .elementor-drop-cap{float:left;text-align:center;line-height:1;font-size:50px}.elementor-widget-text-editor .elementor-drop-cap-letter{display:inline-block}</style>				<p><span style="font-family: arial, helvetica, sans-serif; font-size: 16px;">Dal 1997 la nostra agenzia è un&#8217; organizzazione specializzata in onoranze funebri, al vostro servizio per supportarvi in un momento così particolare come quello del trapasso di un familiare. </span></p><p style="text-align: left;"><span style="font-size: 16px; font-family: arial, helvetica, sans-serif;">Il signor <b>Moreno Proietti</b> è il titolare della prestigiosa <b>Agenzia Funebre Medici a Orvieto,</b> da interpellare in un momento cosi&#8217; doloroso, affinché compi, per conto dei familiari, tutte le necessità immediate e successivo al decesso.</span></p><p><span style="font-family: arial, helvetica, sans-serif; font-size: 16px;">Da anni provvediamo ad offrire tutti i servizi necessari per una completa ed efficiente organizzazione del servizio funerario civile o religioso.</span></p><p><span style="font-size: 16px; font-family: arial, helvetica, sans-serif;"><strong> </strong></span></p>						</div>
				</div>
				</div>
				</div>
		<div class="elementor-element elementor-element-6d74257 e-con-full e-flex e-con e-parent" data-id="6d74257" data-element_type="container">
		<div class="elementor-element elementor-element-2f0264a e-con-full e-flex e-con e-child" data-id="2f0264a" data-element_type="container">
				<div class="elementor-element elementor-element-5ad0903 elementor-widget elementor-widget-text-editor" data-id="5ad0903" data-element_type="widget" data-widget_type="text-editor.default">
				<div class="elementor-widget-container">
							<p><span style="font-family: arial, helvetica, sans-serif; font-size: 16px;">La nostra impresa, avvalendosi di validi e professionali collaboratori, riesce a garantire un servizio efficiente e completo.</span></p><p><span style="font-family: arial, helvetica, sans-serif; font-size: 16px;">Ci occupiamo dell&#8217;intero servizio: dall’allestimento di camere ardenti ai lavori cimiteriali, fino all’aiuto per sbrigare le pratiche burocratiche</span></p><p><span style="font-family: arial, helvetica, sans-serif; font-size: 16px;">E’ inevitabile che tale delicato incarico venga affidato a persone di fiducia che rispetteranno le richieste dei congiunti che desiderano esprimere il loro affetto con l’ultimo atto d’amore e rispetto del loro caro defunto</span></p>						</div>
				</div>
				</div>
		<div class="elementor-element elementor-element-0b0e8ab e-con-full e-flex e-con e-child" data-id="0b0e8ab" data-element_type="container">
				<div class="elementor-element elementor-element-e7aa2b2 elementor-invisible elementor-widget elementor-widget-image" data-id="e7aa2b2" data-element_type="widget" data-settings="{&quot;_animation&quot;:&quot;fadeIn&quot;}" data-widget_type="image.default">
				<div class="elementor-widget-container">
													<img decoding="async" width="300" height="281" src="https://medici-proietti.it/wp-content/uploads/2024/03/Cattura-300x281.jpg" class="attachment-medium size-medium wp-image-1750" alt="" />													</div>
				</div>
				</div>
				</div>
		<div class="elementor-element elementor-element-1c9394b e-flex e-con-boxed e-con e-parent" data-id="1c9394b" data-element_type="container">
					<div class="e-con-inner">
					</div>
				</div>
		<div class="elementor-element elementor-element-9b4b57e e-flex e-con-boxed e-con e-parent" data-id="9b4b57e" data-element_type="container">
					<div class="e-con-inner">
				<div class="elementor-element elementor-element-85b35f8 elementor-widget elementor-widget-image" data-id="85b35f8" data-element_type="widget" data-widget_type="image.default">
				<div class="elementor-widget-container">
													<img decoding="async" width="1170" height="629" src="https://medici-proietti.it/wp-content/uploads/2024/03/39.jpg" class="attachment-full size-full wp-image-1388" alt="" />													</div>
				</div>
					</div>
				</div>
				</div>

<p>Moreno Proietti Dal 1997 la nostra agenzia è un&#8217; organizzazione specializzata in onoranze funebri, al vostro servizio per supportarvi in un momento così particolare come quello del trapasso di un familiare. Il signor Moreno Proietti è il titolare della prestigiosa Agenzia Funebre Medici a Orvieto, da interpellare in un momento&hellip;</p>

Moreno Proietti Dal 1997 la nostra agenzia è un&#8217; organizzazione specializzata in onoranze funebri, al vostro servizio per supportarvi in un momento così particolare come quello del trapasso di un familiare. Il signor Moreno Proietti è il titolare della prestigiosa Agenzia Funebre Medici a Orvieto, da interpellare in un momento&hellip;
